tiple of 17?
False
Is 1481316 a multiple of 32?
False
Is 716147 a multiple of 202?
False
Is 21 a factor of 20210642?
False
Is 91 a factor of 2933112?
True
Is 113 a factor of 361356?
False
Is 85 a factor of 3243090?
True
Is 7 a factor of 402129?
True
Does 502 divide 2011336?
False
Does 119 divide 17688?
False
Is 60 a factor of 1278513?
False
Does 13 divide 3234942?
False
Is 85593 a multiple of 360?
False
Is 7 a factor of 233367?
False
Is 472634 a multiple of 247?
False
Is 84 a factor of 274599?
False
Does 18 divide 2992774?
False
Does 43 divide 39560?
True
Is 192 a factor of 945600?
True
Does 17 divide 27591?
True
Is 221298 a multiple of 77?
True
Does 444 divide 1723545?
False
Is 19656 a multiple of 312?
True
Is 124 a factor of 383274?
False
Is 69 a factor of 1033370?
False
Is 204 a factor of 3097825?
False
Does 441 divide 2582637?
False
Does 13 divide 7320561?
False
Is 1158507 a multiple of 49?
True
Is 2 a factor of 1420793?
False
Is 3881211 a multiple of 71?
False
Does 131 divide 551194?
False
Does 25 divide 309200?
True
Does 66 divide 1206282?
True
Does 17 divide 630050?
False
Does 12 divide 13030668?
True
Is 2609544 a multiple of 196?
True
Does 778 divide 713426?
True
Is 337350 a multiple of 75?
True
Is 22 a factor of 2678412?
True
Is 4044960 a multiple of 212?
True
Does 542 divide 191958?
False
Is 508 a factor of 3342244?
False
Does 256 divide 1998592?
True
Is 31 a factor of 23648?
False
Does 4 divide 42648?
True
Is 315 a factor of 104732?
False
Is 1586640 a multiple of 48?
True
Is 11 a factor of 1139380?
True
Is 135351 a multiple of 154?
False
Is 289718 a multiple of 11?
True
Is 4093112 a multiple of 99?
False
Does 289 divide 171666?
True
Is 1718175 a multiple of 31?
True
Does 27 divide 169373?
False
Is 62 a factor of 34268?
False
Is 3656989 a multiple of 523?
False
Does 119 divide 34821?
False
Does 4 divide 41722?
False
Is 2214745 a multiple of 14?
False
Is 441 a factor of 192160?
False
Is 569736 a multiple of 9?
True
Is 48 a factor of 2294016?
True
Does 622 divide 8938140?
True
Is 178 a factor of 25352?
False
Does 51 divide 313179?
False
Does 38 divide 124716?
True
Is 1067 a factor of 5058386?
False
Does 7 divide 313474?
True
Is 5198011 a multiple of 5?
False
Does 166 divide 9409710?
True
Is 643 a factor of 509899?
True
Does 148 divide 246535?
False
Is 2689861 a multiple of 39?
False
Does 128 divide 56089?
False
Does 315 divide 3845520?
True
Does 4 divide 29708?
True
Is 248 a factor of 635872?
True
Does 34 divide 57322?
False
Is 6 a factor of 129745?
False
Is 217323 a multiple of 13?
False
Is 37 a factor of 27775?
False
Is 226552 a multiple of 466?
False
Is 299 a factor of 2802228?
True
Is 723 a factor of 2075457?
False
Does 14 divide 64134?
True
Is 108 a factor of 443712?
False
Does 122 divide 3311051?
False
Is 126 a factor of 416897?
False
Is 3108004 a multiple of 47?
False
Does 158 divide 4137770?
False
Is 602571 a multiple of 493?
False
Is 6621840 a multiple of 51?
True
Is 138 a factor of 1512714?
False
Is 19699889 a multiple of 671?
True
Does 169 divide 367083?
False
Does 171 divide 600800?
False
Is 666957 a multiple of 10?
False
Is 3726612 a multiple of 9?
True
Is 1974176 a multiple of 272?
True
Is 122655 even?
False
Is 2059657 a multiple of 441?
False
Is 208086 a multiple of 45?
False
Does 480 divide 1998240?
True
Does 20 divide 238804?
False
Is 148 a factor of 10508?
True
Does 82 divide 2481976?
True
Is 9214217 a multiple of 254?
False
Does 21 divide 90639?
False
Does 164 divide 4560020?
True
Is 1383069 a multiple of 32?
False
Is 97 a factor of 857593?
False
Is 2520 a multiple of 504?
True
Is 54 a factor of 5973966?
True
Is 1978613 a multiple of 272?
False
Does 499 divide 244184?
False
Is 2722252 a multiple of 676?
True
Is 3 a factor of 255475?
False
Does 31 divide 248589?
True
Is 1295 a factor of 7531720?
True
Is 13 a factor of 121147?
True
Is 8904583 a multiple of 1573?
False
Is 216 a factor of 367062?
False
Does 38 divide 125411?
False
Is 85 a factor of 98585?
False
Is 2635774 a multiple of 24?
False
Does 33 divide 2867802?
False
Does 16 divide 225800?
False
Is 392 a factor of 303016?
True
Does 8 divide 421257?
False
Is 515995 a multiple of 2?
False
Is 561546 a multiple of 6?
True
Is 70700 a multiple of 175?
True
Is 3582 a multiple of 64?
False
Is 1334179 a multiple of 11?
True
Is 426097 a multiple of 160?
False
Does 11 divide 125866?
False
Is 3060 a multiple of 64?
False
Does 39 divide 420628?
False
Is 1544 a multiple of 8?
True
Is 28275 a multiple of 5?
True
Is 80 a factor of 198974?
False
Is 6278355 a multiple of 283?
True
Is 4664916 a multiple of 36?
True
Does 439 divide 586986?
False
Is 25 a factor of 139246?
False
Does 5 divide 9326?
False
Is 181 a factor of 1343744?
True
Does 60 divide 3323504?
False
Is 13 a factor of 101972?
True
Does 1017 divide 1641410?
False
Is 75 a factor of 6749?
False
Does 47 divide 1003373?
False
Is 197025 a multiple of 62?
False
Does 70 divide 42707?
False
Does 61 divide 21566?
False
Does 166 divide 2053914?
False
Does 242 divide 143436?
False
Does 28 divide 42364?
True
Does 99 divide 1875545?
False
Is 509852 a multiple of 524?
True
Is 110 a factor of 332058?
False
Is 436131 a multiple of 9?
True
Is 2439467 a multiple of 19?
True
Is 13 a factor of 2306850?
True
Is 6 a factor of 231608?
False
Is 626928 a multiple of 4?
True
Is 118 a factor of 26021240?
False
Is 58514 a multiple of 10?
False
Does 348 divide 325783?
False
Is 404 a factor of 79588?
True
Does 82 divide 22140?
True
Is 807113 a multiple of 9?
False
Is 3126982 a multiple of 19?
True
Does 107 divide 948341?
True
Is 12 a factor of 198902?
False
Is 22551419 a multiple of 79?
True
Is 10569210 a multiple of 31?
False
Is 890584 a multiple of 6?
False
Does 2 divide 37219?
False
Does 16 divide 941024?
True
Is 150709 a multiple of 28?
False
Does 1026 divide 11967264?
True
Does 165 divide 64086?
False
Is 1599984 a multiple of 164?
True
Is 2167264 a multiple of 32?
True
Is 102499 a multiple of 156?
False
Does 232 divide 1607760?
True
Does 44 divide 95830?
False
Is 1919494 a multiple of 41?
False
Is 112 a factor of 13458368?
True
Does 62 divide 67750?
False
Is 17 a factor of 137836?
True
Is 35 a factor of 30170?
True
Does 6 divide 3710120?
False
Is 608105 a multiple of 8?
False
Does 206 divide 5829182?
True
Is 20 a factor of 174762?
False
Does 110 divide 2036347?
False
Does 123 divide 5099004?
False
Is 769342 a multiple of 2?
True
Is 334452 a multiple of 145?
False
Does 54 divide 49948?
False
Does 159 divide 296721?
False
Does 12 divide 3654828?
True
Is 365 a factor of 1021635?
True
Is 2 a factor of 26496?
True
Does 710 divide 3131581?
False
Is 38 a factor of 219335?
False
Is 328 a factor of 501968?
False
Is 169980 a multiple of 30?
True
Does 1614 divide 6315582?
True
Is 21183309 a multiple of 19?
True
Is 8742480 a multiple of 998?
True
Is 4 a factor of 56188?
True
Is 6221138 a multiple of 203?
True
Is 146 a factor of 3447446?
False
Does 10 divide 730570?
True
Does 497 divide 337463?
True
Is 7132627 a multiple of 8?
False
Is 46200 a multiple of 8?
True
Is 20844162 a multiple of 9?
True
Is 35047 a multiple of 3?
False
Is 707375 a multiple of 30?
False
Is 64 a factor of 7682268?
False
Is 175488 a multiple of 32?
True
Is 174613 a multiple of 16?
False
Does 606 divide 3295733?
False
Does 4 divide 2332?
True
Is 42 a factor of 1910432?
False
Does 5 divide 169875?
True
Is 262 a factor of 1326114?
False
Is 1928069 a multiple of 97?
True
Does 594 divide 5550930?
True
Is 871268 a multiple of 189?
False
Is 163 a factor of 578650?
True
Does 14 divide 375172?
True
Does 254 divide 189344?
False
Does 6 divide 9508241?
False
Is 4 a factor of 53260?
True
Is 51 a factor of 39933?
True
Is 91588 a multiple of 19?
False
Does 184 divide 101664?
False
Is 33 a factor of 125499?
True
Does 90 divide 702000?
True
Is 2 a factor of 53323?
False
Is 11 a factor of 906048?
True
Does 102 divide 161364?
True
Does 13 divide 5963997?
True
Is 324123 a multiple of 4?
False
Is 40355 a multiple of 10?
False
Is 228390 a multiple of 115?
True
Is 31584 a multiple of 12?
True
Is 27869 a multiple of 27?
False
Is 236747 a multiple of 13?
False
Is 11 a factor of 4654471?
False
Does 26 divide 106158?
True
Is 590 a factor of 2284480?
True
Is 35 a factor of 702730?
True
Is 4 a factor of 578